{"id":232,"date":"2024-10-05T14:28:24","date_gmt":"2024-10-05T14:28:24","guid":{"rendered":"https:\/\/magnamarianajerez.com\/?page_id=232"},"modified":"2024-10-17T19:49:33","modified_gmt":"2024-10-17T19:49:33","slug":"programa-de-mano-magna-mariana","status":"publish","type":"page","link":"https:\/\/magnamarianajerez.com\/?page_id=232","title":{"rendered":"PROGRAMA DE MANO"},"content":{"rendered":"\n<p><\/p>\n\n\n\n<p>Editado por \u00abSOYJEREZ\u00bb y \u00abEL PERTIGUERO\u00bb, aqu\u00ed pod\u00e9is descargar la versi\u00f3n digital del Programa de Mano de la Magna Mariana que tendr\u00e1 lugar el pr\u00f3ximo doce de octubre en Jerez de la Frontera.<\/p>\n\n\n\n<p class=\"has-text-align-center\">Pulsar sobre la imagen para descargar.<\/p>\n\n\n\n<figure class=\"wp-block-image aligncenter size-large\"><a href=\"https:\/\/magnamarianajerez.com\/wp-content\/uploads\/2024\/10\/ProgramaManoMagna19Oct.pdf\"><img loading=\"lazy\" decoding=\"async\" width=\"752\" height=\"1024\" src=\"https:\/\/magnamarianajerez.com\/wp-content\/uploads\/2024\/07\/PORTADA-PERTIGUERO-op4-752x1024.jpg\" alt=\"\" class=\"wp-image-227\" srcset=\"https:\/\/magnamarianajerez.com\/wp-content\/uploads\/2024\/07\/PORTADA-PERTIGUERO-op4-752x1024.jpg 752w, https:\/\/magnamarianajerez.com\/wp-content\/uploads\/2024\/07\/PORTADA-PERTIGUERO-op4-220x300.jpg 220w, https:\/\/magnamarianajerez.com\/wp-content\/uploads\/2024\/07\/PORTADA-PERTIGUERO-op4-768x1045.jpg 768w, https:\/\/magnamarianajerez.com\/wp-content\/uploads\/2024\/07\/PORTADA-PERTIGUERO-op4-1129x1536.jpg 1129w, https:\/\/magnamarianajerez.com\/wp-content\/uploads\/2024\/07\/PORTADA-PERTIGUERO-op4-1505x2048.jpg 1505w, https:\/\/magnamarianajerez.com\/wp-content\/uploads\/2024\/07\/PORTADA-PERTIGUERO-op4-scaled.jpg 1881w\" sizes=\"auto, (max-width: 752px) 100vw, 752px\" \/><\/a><\/figure>\n","protected":false},"excerpt":{"rendered":"<p>Editado por \u00abSOYJEREZ\u00bb y \u00abEL PERTIGUERO\u00bb, aqu\u00ed pod\u00e9is descargar la versi\u00f3n digital del Programa de Mano de la Magna Mariana que tendr\u00e1 lugar el pr\u00f3ximo doce de octubre en Jerez de la Frontera. Pulsar sobre la imagen para descargar.<\/p>\n","protected":false},"author":1,"featured_media":0,"parent":0,"menu_order":0,"comment_status":"closed","ping_status":"closed","template":"","meta":{"footnotes":""},"class_list":["post-232","page","type-page","status-publish","hentry"],"jetpack_sharing_enabled":true,"_links":{"self":[{"href":"https:\/\/magnamarianajerez.com\/index.php?rest_route=\/wp\/v2\/pages\/232","targetHints":{"allow":["GET"]}}],"collection":[{"href":"https:\/\/magnamarianajerez.com\/index.php?rest_route=\/wp\/v2\/pages"}],"about":[{"href":"https:\/\/magnamarianajerez.com\/index.php?rest_route=\/wp\/v2\/types\/page"}],"author":[{"embeddable":true,"href":"https:\/\/magnamarianajerez.com\/index.php?rest_route=\/wp\/v2\/users\/1"}],"replies":[{"embeddable":true,"href":"https:\/\/magnamarianajerez.com\/index.php?rest_route=%2Fwp%2Fv2%2Fcomments&post=232"}],"version-history":[{"count":4,"href":"https:\/\/magnamarianajerez.com\/index.php?rest_route=\/wp\/v2\/pages\/232\/revisions"}],"predecessor-version":[{"id":267,"href":"https:\/\/magnamarianajerez.com\/index.php?rest_route=\/wp\/v2\/pages\/232\/revisions\/267"}],"wp:attachment":[{"href":"https:\/\/magnamarianajerez.com\/index.php?rest_route=%2Fwp%2Fv2%2Fmedia&parent=232"}],"curies":[{"name":"wp","href":"https:\/\/api.w.org\/{rel}","templated":true}]}}