{"id":256,"date":"2024-10-16T07:56:09","date_gmt":"2024-10-16T07:56:09","guid":{"rendered":"https:\/\/magnamarianajerez.com\/?page_id=256"},"modified":"2024-10-16T07:56:09","modified_gmt":"2024-10-16T07:56:09","slug":"aparcar-en-jerez","status":"publish","type":"page","link":"https:\/\/magnamarianajerez.com\/?page_id=256","title":{"rendered":"APARCAR EN JEREZ"},"content":{"rendered":"\n<h2 class=\"wp-block-heading has-text-align-center\">APARCAMIENTO CON TRASLADO A CENTRO EN BUS LANZADERA<\/h2>\n\n\n\n<p>Situado en la Avenida de la Feria, de f\u00e1cil acceso entrando por la zona Norte de Jerez a trav\u00e9s de las siguientes opciones:<\/p>\n\n\n\n<p>Opci\u00f3n 1 (Entrada desde AP4, DIRECCI\u00d3N SEVILLA-C\u00c1DIZ): Salida n\u00famero 78 hacia Rotonda del Michel\u00edn, Avenida de la Granja, Avenida de Europa, Rotonda de Sementales, Avenida de la Feria. La zona de aparcamiento se encuentra a la izquierda tras llegar a la Rotonda)<\/p>\n\n\n\n<p>Opci\u00f3n 2 (Entrada desde AP4, DIRECCI\u00d3N C\u00c1DIZ-SEVILLA: Salida n\u00famero 79 hacia Rotonda del Michel\u00edn, Avenida de la Granja, Avenida de Europa, Rotonda de Sementales, Avenida de la Feria. La zona de aparcamiento se encuentra a la izquierda tras llegar a la Rotonda)<\/p>\n\n\n\n<p>Opci\u00f3n 3(Entrada desde Autov\u00eda del Sur A-4 DIRECCI\u00d3N SEVILLA): Salida n\u00famero 633 hacia Avenida de T\u00edo Pepe, Rotonda de Tio Pepe, Avenida de Andaluc\u00eda, Rotonda Alcalde \u00c1lvaro Domecq, Avenida del Ej\u00e9rcito y Avenida de la Feria.  La zona de aparcamiento se encuentra a la izquierda tras llegar a la Rotonda)<br><\/p>\n\n\n\n<p class=\"has-text-align-center has-x-large-font-size\"><a href=\"https:\/\/www.google.com\/maps\/d\/u\/0\/edit?mid=1sI1NFHs10lbs-FvqfDWKkdKzydqaEoA&amp;usp=sharing\">APARCAMIENTO MAGNA 1 (OFICIAL)<\/a><\/p>\n\n\n\n<p class=\"has-text-align-center\"><strong>Horarios de autobuses de 13 a 24 horas, fin del recorrido lanzadera junto al Convento de Capuchinos en Avenida \u00c1lvaro Domecq<\/strong><br><strong>Precio del viaje: 1,10 \u20ac<\/strong><\/p>\n\n\n\n<p><\/p>\n","protected":false},"excerpt":{"rendered":"<p>APARCAMIENTO CON TRASLADO A CENTRO EN BUS LANZADERA Situado en la Avenida de la Feria, de f\u00e1cil acceso entrando por la zona Norte de Jerez a trav\u00e9s de las siguientes opciones: Opci\u00f3n 1 (Entrada desde AP4, DIRECCI\u00d3N SEVILLA-C\u00c1DIZ): Salida n\u00famero 78 hacia Rotonda del Michel\u00edn, Avenida de la Granja, Avenida de Europa, Rotonda de Sementales, [&hellip;]<\/p>\n","protected":false},"author":1,"featured_media":0,"parent":0,"menu_order":0,"comment_status":"closed","ping_status":"closed","template":"","meta":{"footnotes":""},"class_list":["post-256","page","type-page","status-publish","hentry"],"jetpack_sharing_enabled":true,"_links":{"self":[{"href":"https:\/\/magnamarianajerez.com\/index.php?rest_route=\/wp\/v2\/pages\/256","targetHints":{"allow":["GET"]}}],"collection":[{"href":"https:\/\/magnamarianajerez.com\/index.php?rest_route=\/wp\/v2\/pages"}],"about":[{"href":"https:\/\/magnamarianajerez.com\/index.php?rest_route=\/wp\/v2\/types\/page"}],"author":[{"embeddable":true,"href":"https:\/\/magnamarianajerez.com\/index.php?rest_route=\/wp\/v2\/users\/1"}],"replies":[{"embeddable":true,"href":"https:\/\/magnamarianajerez.com\/index.php?rest_route=%2Fwp%2Fv2%2Fcomments&post=256"}],"version-history":[{"count":1,"href":"https:\/\/magnamarianajerez.com\/index.php?rest_route=\/wp\/v2\/pages\/256\/revisions"}],"predecessor-version":[{"id":257,"href":"https:\/\/magnamarianajerez.com\/index.php?rest_route=\/wp\/v2\/pages\/256\/revisions\/257"}],"wp:attachment":[{"href":"https:\/\/magnamarianajerez.com\/index.php?rest_route=%2Fwp%2Fv2%2Fmedia&parent=256"}],"curies":[{"name":"wp","href":"https:\/\/api.w.org\/{rel}","templated":true}]}}